{"id":17446,"date":"2023-08-01T11:07:48","date_gmt":"2023-08-01T09:07:48","guid":{"rendered":"http:\/\/boutique.larpnation.fr\/index.php\/produit\/nightmare-blade\/"},"modified":"2025-05-08T12:02:41","modified_gmt":"2025-05-08T10:02:41","slug":"nightmare-blade","status":"publish","type":"product","link":"https:\/\/boutique.larpnation.fr\/index.php\/produit\/nightmare-blade\/","title":{"rendered":"Lame cauchemardesque"},"content":{"rendered":"<p><span data-sheets-value=\"{&quot;1&quot;:2,&quot;2&quot;:&quot;La Lame Nightmare de 100 cm d'Epic Armoury est une \u00e9p\u00e9e de GN hybride avec des d\u00e9tails uniques et asym\u00e9triques, con\u00e7ue pour les plus grands barbares. Dot\u00e9e d'une lame crant\u00e9e et us\u00e9e de 63 cm avec une longue cr\u00eate et un ricasso d\u00e9cor\u00e9, la Nightmare Blade est une \u00e9p\u00e9e longue faite \u00e0 la main et peinte \u00e0 la main pour ressembler \u00e0 de l'acier v\u00e9ritable avec des embellissements en or antique. Le pommeau a la forme d'un bouchon de parfum, d\u00e9cor\u00e9 de stries dor\u00e9es en forme de losange.\\nLa lame du Nightmare est faite de mousse EVA souple autour d'un noyau de tige en fibre de verre solide - choisi pour sa durabilit\u00e9 et sa s\u00e9curit\u00e9. Il est enduit de latex pour son aspect lisse et pour minimiser le d\u00e9chiquetage. La poign\u00e9e de 37 cm est en polyur\u00e9thane pour son haut niveau de d\u00e9tail, et la poign\u00e9e de 17 cm est envelopp\u00e9e de cuir.&quot;}\" data-sheets-userformat=\"{&quot;2&quot;:1049527,&quot;3&quot;:{&quot;1&quot;:0},&quot;4&quot;:{&quot;1&quot;:2,&quot;2&quot;:13421772},&quot;5&quot;:{&quot;1&quot;:[{&quot;1&quot;:2,&quot;2&quot;:0,&quot;5&quot;:{&quot;1&quot;:2,&quot;2&quot;:0}},{&quot;1&quot;:0,&quot;2&quot;:0,&quot;3&quot;:3},{&quot;1&quot;:1,&quot;2&quot;:0,&quot;4&quot;:1}]},&quot;7&quot;:{&quot;1&quot;:[{&quot;1&quot;:2,&quot;2&quot;:0,&quot;5&quot;:{&quot;1&quot;:2,&quot;2&quot;:0}},{&quot;1&quot;:0,&quot;2&quot;:0,&quot;3&quot;:3},{&quot;1&quot;:1,&quot;2&quot;:0,&quot;4&quot;:1}]},&quot;8&quot;:{&quot;1&quot;:[{&quot;1&quot;:2,&quot;2&quot;:0,&quot;5&quot;:{&quot;1&quot;:2,&quot;2&quot;:0}},{&quot;1&quot;:0,&quot;2&quot;:0,&quot;3&quot;:3},{&quot;1&quot;:1,&quot;2&quot;:0,&quot;4&quot;:1}]},&quot;10&quot;:1,&quot;11&quot;:4,&quot;12&quot;:0,&quot;23&quot;:1}\">La Lame Nightmare de 100 cm d&rsquo;Epic Armoury est une \u00e9p\u00e9e de GN hybride avec des d\u00e9tails uniques et asym\u00e9triques, con\u00e7ue pour les plus grands barbares. Dot\u00e9e d&rsquo;une lame crant\u00e9e et us\u00e9e de 63 cm avec une longue cr\u00eate et un ricasso d\u00e9cor\u00e9, la Nightmare Blade est une \u00e9p\u00e9e longue faite \u00e0 la main et peinte \u00e0 la main pour ressembler \u00e0 de l&rsquo;acier v\u00e9ritable avec des embellissements en or antique. Le pommeau a la forme d&rsquo;un bouchon de parfum, d\u00e9cor\u00e9 de stries dor\u00e9es en forme de losange.<br \/>\nLa lame du Nightmare est faite de mousse EVA souple autour d&rsquo;un noyau de tige en fibre de verre solide &#8211; choisi pour sa durabilit\u00e9 et sa s\u00e9curit\u00e9. Il est enduit de latex pour son aspect lisse et pour minimiser le d\u00e9chiquetage. La poign\u00e9e de 37 cm est en polyur\u00e9thane pour son haut niveau de d\u00e9tail, et la poign\u00e9e de 17 cm est envelopp\u00e9e de cuir.<\/span><\/p>\n","protected":false},"excerpt":{"rendered":"<p>La Lame Nightmare de 100 cm d&rsquo;Epic Armoury est une \u00e9p\u00e9e de GN hybride avec des d\u00e9tails uniques et asym\u00e9triques, con\u00e7ue pour les plus grands barbares. Dot\u00e9e d&rsquo;une lame crant\u00e9e et us\u00e9e de 63 cm&hellip;<\/p>\n","protected":false},"featured_media":1017,"template":"","meta":[],"product_brand":[],"product_cat":[155,157,563],"product_tag":[],"class_list":{"0":"post-17446","1":"product","2":"type-product","3":"status-publish","4":"has-post-thumbnail","6":"product_cat-armes","7":"product_cat-epees","8":"product_cat-seigneur-du-mal","10":"first","11":"outofstock","12":"taxable","13":"shipping-taxable","14":"purchasable","15":"product-type-variable"},"jetpack_sharing_enabled":true,"_links":{"self":[{"href":"https:\/\/boutique.larpnation.fr\/index.php\/wp-json\/wp\/v2\/product\/17446","targetHints":{"allow":["GET"]}}],"collection":[{"href":"https:\/\/boutique.larpnation.fr\/index.php\/wp-json\/wp\/v2\/product"}],"about":[{"href":"https:\/\/boutique.larpnation.fr\/index.php\/wp-json\/wp\/v2\/types\/product"}],"version-history":[{"count":2,"href":"https:\/\/boutique.larpnation.fr\/index.php\/wp-json\/wp\/v2\/product\/17446\/revisions"}],"predecessor-version":[{"id":18959,"href":"https:\/\/boutique.larpnation.fr\/index.php\/wp-json\/wp\/v2\/product\/17446\/revisions\/18959"}],"wp:featuredmedia":[{"embeddable":true,"href":"https:\/\/boutique.larpnation.fr\/index.php\/wp-json\/wp\/v2\/media\/1017"}],"wp:attachment":[{"href":"https:\/\/boutique.larpnation.fr\/index.php\/wp-json\/wp\/v2\/media?parent=17446"}],"wp:term":[{"taxonomy":"product_brand","embeddable":true,"href":"https:\/\/boutique.larpnation.fr\/index.php\/wp-json\/wp\/v2\/product_brand?post=17446"},{"taxonomy":"product_cat","embeddable":true,"href":"https:\/\/boutique.larpnation.fr\/index.php\/wp-json\/wp\/v2\/product_cat?post=17446"},{"taxonomy":"product_tag","embeddable":true,"href":"https:\/\/boutique.larpnation.fr\/index.php\/wp-json\/wp\/v2\/product_tag?post=17446"}],"curies":[{"name":"wp","href":"https:\/\/api.w.org\/{rel}","templated":true}]}}