{"id":17470,"date":"2023-08-01T11:07:55","date_gmt":"2023-08-01T09:07:55","guid":{"rendered":"http:\/\/boutique.larpnation.fr\/index.php\/produit\/geralts-silver-sword\/"},"modified":"2024-05-15T13:01:31","modified_gmt":"2024-05-15T11:01:31","slug":"geralts-silver-sword","status":"publish","type":"product","link":"https:\/\/boutique.larpnation.fr\/index.php\/produit\/geralts-silver-sword\/","title":{"rendered":"Ep\u00e9e d &lsquo;argent de Geralt"},"content":{"rendered":"<p><span data-sheets-value=\"{&quot;1&quot;:2,&quot;2&quot;:&quot;L'\u00e9p\u00e9e d'argent de Geralt de The Witcher 3 : Wild Hunt a \u00e9t\u00e9 cr\u00e9\u00e9e par Calimacil en collaboration avec CD PROJEKT RED. Dans l'univers The Witcher, les \u00e9p\u00e9es en argent sont sp\u00e9cialement con\u00e7ues pour tuer des monstres n\u00e9s de la magie et ne peuvent pas \u00eatre bless\u00e9s avec des armes en acier courantes. Cette r\u00e9plique en mousse est m\u00e9ticuleusement fabriqu\u00e9e et con\u00e7ue \u00e0 partir des ressources originales du jeu. Il est s\u00fbr pour une utilisation en combat simul\u00e9 tout en \u00e9tant suffisamment ferme pour une utilisation en cosplay et en accessoire. Le jeu vous permet de tracer votre propre aventure, en incarnant un chasseur de primes ou un homme de la route, en fixant vos propres objectifs et en choisissant vos propres destinations. Que vous recherchiez la prime sur la t\u00eate d'un monstre emb\u00eatant ou que vous aidiez un noble intrigant avec un sale boulot, The Witcher a un style de qu\u00eate \u00e9pique pour tout le monde.&quot;}\" data-sheets-userformat=\"{&quot;2&quot;:1049527,&quot;3&quot;:{&quot;1&quot;:0},&quot;4&quot;:{&quot;1&quot;:2,&quot;2&quot;:13421772},&quot;5&quot;:{&quot;1&quot;:[{&quot;1&quot;:2,&quot;2&quot;:0,&quot;5&quot;:{&quot;1&quot;:2,&quot;2&quot;:0}},{&quot;1&quot;:0,&quot;2&quot;:0,&quot;3&quot;:3},{&quot;1&quot;:1,&quot;2&quot;:0,&quot;4&quot;:1}]},&quot;7&quot;:{&quot;1&quot;:[{&quot;1&quot;:2,&quot;2&quot;:0,&quot;5&quot;:{&quot;1&quot;:2,&quot;2&quot;:0}},{&quot;1&quot;:0,&quot;2&quot;:0,&quot;3&quot;:3},{&quot;1&quot;:1,&quot;2&quot;:0,&quot;4&quot;:1}]},&quot;8&quot;:{&quot;1&quot;:[{&quot;1&quot;:2,&quot;2&quot;:0,&quot;5&quot;:{&quot;1&quot;:2,&quot;2&quot;:0}},{&quot;1&quot;:0,&quot;2&quot;:0,&quot;3&quot;:3},{&quot;1&quot;:1,&quot;2&quot;:0,&quot;4&quot;:1}]},&quot;10&quot;:1,&quot;11&quot;:4,&quot;12&quot;:0,&quot;23&quot;:1}\">L&rsquo;\u00e9p\u00e9e d&rsquo;argent de Geralt de The Witcher 3 : Wild Hunt a \u00e9t\u00e9 cr\u00e9\u00e9e par Calimacil en collaboration avec CD PROJEKT RED. Dans l&rsquo;univers The Witcher, les \u00e9p\u00e9es en argent sont sp\u00e9cialement con\u00e7ues pour tuer des monstres n\u00e9s de la magie et ne peuvent pas \u00eatre bless\u00e9s avec des armes en acier courantes. Cette r\u00e9plique en mousse est m\u00e9ticuleusement fabriqu\u00e9e et con\u00e7ue \u00e0 partir des ressources originales du jeu. Il est s\u00fbr pour une utilisation en combat simul\u00e9 tout en \u00e9tant suffisamment ferme pour une utilisation en cosplay et en accessoire. Le jeu vous permet de tracer votre propre aventure, en incarnant un chasseur de primes ou un homme de la route, en fixant vos propres objectifs et en choisissant vos propres destinations. Que vous recherchiez la prime sur la t\u00eate d&rsquo;un monstre emb\u00eatant ou que vous aidiez un noble intrigant avec un sale boulot, The Witcher a un style de qu\u00eate \u00e9pique pour tout le monde.<\/span><\/p>\n","protected":false},"excerpt":{"rendered":"<p>L&rsquo;\u00e9p\u00e9e d&rsquo;argent de Geralt de The Witcher 3 : Wild Hunt a \u00e9t\u00e9 cr\u00e9\u00e9e par Calimacil en collaboration avec CD PROJEKT RED. Dans l&rsquo;univers The Witcher, les \u00e9p\u00e9es en argent sont sp\u00e9cialement con\u00e7ues pour tuer&hellip;<\/p>\n","protected":false},"featured_media":17691,"template":"","meta":[],"product_brand":[],"product_cat":[517,524],"product_tag":[],"class_list":{"0":"post-17470","1":"product","2":"type-product","3":"status-publish","4":"has-post-thumbnail","6":"product_cat-armes-sur-demande","7":"product_cat-epees-sur-demande","9":"first","10":"outofstock","11":"taxable","12":"shipping-taxable","13":"purchasable","14":"product-type-variable"},"jetpack_sharing_enabled":true,"_links":{"self":[{"href":"https:\/\/boutique.larpnation.fr\/index.php\/wp-json\/wp\/v2\/product\/17470","targetHints":{"allow":["GET"]}}],"collection":[{"href":"https:\/\/boutique.larpnation.fr\/index.php\/wp-json\/wp\/v2\/product"}],"about":[{"href":"https:\/\/boutique.larpnation.fr\/index.php\/wp-json\/wp\/v2\/types\/product"}],"version-history":[{"count":2,"href":"https:\/\/boutique.larpnation.fr\/index.php\/wp-json\/wp\/v2\/product\/17470\/revisions"}],"predecessor-version":[{"id":18961,"href":"https:\/\/boutique.larpnation.fr\/index.php\/wp-json\/wp\/v2\/product\/17470\/revisions\/18961"}],"wp:featuredmedia":[{"embeddable":true,"href":"https:\/\/boutique.larpnation.fr\/index.php\/wp-json\/wp\/v2\/media\/17691"}],"wp:attachment":[{"href":"https:\/\/boutique.larpnation.fr\/index.php\/wp-json\/wp\/v2\/media?parent=17470"}],"wp:term":[{"taxonomy":"product_brand","embeddable":true,"href":"https:\/\/boutique.larpnation.fr\/index.php\/wp-json\/wp\/v2\/product_brand?post=17470"},{"taxonomy":"product_cat","embeddable":true,"href":"https:\/\/boutique.larpnation.fr\/index.php\/wp-json\/wp\/v2\/product_cat?post=17470"},{"taxonomy":"product_tag","embeddable":true,"href":"https:\/\/boutique.larpnation.fr\/index.php\/wp-json\/wp\/v2\/product_tag?post=17470"}],"curies":[{"name":"wp","href":"https:\/\/api.w.org\/{rel}","templated":true}]}}