{"id":21427,"date":"2023-09-25T14:21:14","date_gmt":"2023-09-25T12:21:14","guid":{"rendered":"http:\/\/boutique.larpnation.fr\/index.php\/produit\/hache-dequipement-155-cm\/"},"modified":"2024-05-15T13:11:11","modified_gmt":"2024-05-15T11:11:11","slug":"hache-a-engrenage-155-cm","status":"publish","type":"product","link":"https:\/\/boutique.larpnation.fr\/index.php\/produit\/hache-a-engrenage-155-cm\/","title":{"rendered":"Hache \u00e0 engrenage &#8211; 155 cm"},"content":{"rendered":"<p><span data-sheets-value=\"{&quot;1&quot;:2,&quot;2&quot;:&quot;La Hache d'equipement de Dark Moon est une arme en latex robuste con\u00e7ue pour les temps post-apocalyptiques. La Hache d'equipement mesure 155 cm de long avec une poignee de 115 cm sculptee et peinte a la main pour ressembler a du bois veritable. La grande tete de hache est con\u00e7ue pour ressembler a une lame d'engrenage avec une morsure de 60 cm et 17 dents. Le cote oppose comporte trois pointes, au cas ou la lame d'engrenage ne serait pas assez dangereuse pour vous.\\n\\nFabriquee en mousse a cellules fermees durable autour d'une solide ame en fibre de verre et finie avec un revetement en latex resistant, vous pouvez etre sur que cette arme de LARP offrira la securite et l'attrait que vous recherchez lorsque vous confectionnez votre equipement post-apocalyptique.&quot;}\" data-sheets-userformat=\"{&quot;2&quot;:1049535,&quot;3&quot;:{&quot;1&quot;:0},&quot;4&quot;:{&quot;1&quot;:2,&quot;2&quot;:13421772},&quot;5&quot;:{&quot;1&quot;:[{&quot;1&quot;:2,&quot;2&quot;:0,&quot;5&quot;:{&quot;1&quot;:2,&quot;2&quot;:0}},{&quot;1&quot;:0,&quot;2&quot;:0,&quot;3&quot;:3},{&quot;1&quot;:1,&quot;2&quot;:0,&quot;4&quot;:1}]},&quot;6&quot;:{&quot;1&quot;:[{&quot;1&quot;:2,&quot;2&quot;:0,&quot;5&quot;:{&quot;1&quot;:2,&quot;2&quot;:0}},{&quot;1&quot;:0,&quot;2&quot;:0,&quot;3&quot;:3},{&quot;1&quot;:1,&quot;2&quot;:0,&quot;4&quot;:1}]},&quot;7&quot;:{&quot;1&quot;:[{&quot;1&quot;:2,&quot;2&quot;:0,&quot;5&quot;:{&quot;1&quot;:2,&quot;2&quot;:0}},{&quot;1&quot;:0,&quot;2&quot;:0,&quot;3&quot;:3},{&quot;1&quot;:1,&quot;2&quot;:0,&quot;4&quot;:1}]},&quot;8&quot;:{&quot;1&quot;:[{&quot;1&quot;:2,&quot;2&quot;:0,&quot;5&quot;:{&quot;1&quot;:2,&quot;2&quot;:0}},{&quot;1&quot;:0,&quot;2&quot;:0,&quot;3&quot;:3},{&quot;1&quot;:1,&quot;2&quot;:0,&quot;4&quot;:1}]},&quot;10&quot;:0,&quot;11&quot;:4,&quot;12&quot;:0,&quot;23&quot;:1}\">La Hache \u00e0 engrenage de Dark Moon est une arme en latex robuste con\u00e7ue pour les temps post-apocalyptiques. La Hache \u00e0 engrenage mesure 155 cm de long avec une poign\u00e9e de 115 cm sculpt\u00e9e et peinte a la main pour ressembler a du bois v\u00e9ritable. La grande t\u00e8te de hache est con\u00e7ue pour ressembler a une lame d&rsquo;engrenage avec une morsure de 60 cm et 17 dents. Le c\u00f4t\u00e9 oppose comporte trois pointes, au cas ou la lame d&rsquo;engrenage ne serait pas assez dangereuse pour vous.<\/span><\/p>\n<p>Fabriqu\u00e9e en mousse \u00e0 cellules ferm\u00e9es durable autour d&rsquo;une solide \u00e2me en fibre de verre et finie avec un rev\u00eatement en latex r\u00e9sistant, vous pouvez \u00eatre sur que cette arme de LARP offrira la s\u00e9curit\u00e9 et l&rsquo;attrait que vous recherchez lorsque vous confectionnez votre \u00e9quipement post-apocalyptique.<\/p>\n","protected":false},"excerpt":{"rendered":"<p><span data-sheets-value=\"{&quot;1&quot;:2,&quot;2&quot;:&quot;Vous avez appris quelques astuces pour survivre dans les terres desolees post-apocalyptiques, et la plus importante consiste a fabriquer des armes a partir de tout ce que vous pouvez trouver.\\n\\nVous avez fabrique la Hache d'equipement a partir d'un vieux engrenage, affute et fixe a un manche. Cela a demande de l'ingeniosite et beaucoup de patience, mais maintenant vous avez une arme parfaite contre les pillards et les voleurs potentiels une fois que vos munitions sont epuisees.&quot;}\" data-sheets-userformat=\"{&quot;2&quot;:1049535,&quot;3&quot;:{&quot;1&quot;:0},&quot;4&quot;:{&quot;1&quot;:2,&quot;2&quot;:13421772},&quot;5&quot;:{&quot;1&quot;:[{&quot;1&quot;:2,&quot;2&quot;:0,&quot;5&quot;:{&quot;1&quot;:2,&quot;2&quot;:0}},{&quot;1&quot;:0,&quot;2&quot;:0,&quot;3&quot;:3},{&quot;1&quot;:1,&quot;2&quot;:0,&quot;4&quot;:1}]},&quot;6&quot;:{&quot;1&quot;:[{&quot;1&quot;:2,&quot;2&quot;:0,&quot;5&quot;:{&quot;1&quot;:2,&quot;2&quot;:0}},{&quot;1&quot;:0,&quot;2&quot;:0,&quot;3&quot;:3},{&quot;1&quot;:1,&quot;2&quot;:0,&quot;4&quot;:1}]},&quot;7&quot;:{&quot;1&quot;:[{&quot;1&quot;:2,&quot;2&quot;:0,&quot;5&quot;:{&quot;1&quot;:2,&quot;2&quot;:0}},{&quot;1&quot;:0,&quot;2&quot;:0,&quot;3&quot;:3},{&quot;1&quot;:1,&quot;2&quot;:0,&quot;4&quot;:1}]},&quot;8&quot;:{&quot;1&quot;:[{&quot;1&quot;:2,&quot;2&quot;:0,&quot;5&quot;:{&quot;1&quot;:2,&quot;2&quot;:0}},{&quot;1&quot;:0,&quot;2&quot;:0,&quot;3&quot;:3},{&quot;1&quot;:1,&quot;2&quot;:0,&quot;4&quot;:1}]},&quot;10&quot;:0,&quot;11&quot;:4,&quot;12&quot;:0,&quot;23&quot;:1}\">Vous avez appris quelques astuces pour survivre dans les terres desolees post-apocalyptiques, et la plus importante consiste a fabriquer des armes a partir de tout ce que vous pouvez trouver.<\/span><\/p>\n<p>Vous avez fabrique la Hache d&rsquo;equipement a partir d&rsquo;un vieux engrenage, affute et fixe a un manche. Cela a demande de l&rsquo;ingeniosite et beaucoup de patience, mais maintenant vous avez une arme parfaite contre les pillards et les voleurs potentiels une fois que vos munitions sont epuisees.<\/p>\n","protected":false},"featured_media":1979,"template":"","meta":[],"product_brand":[],"product_cat":[517,525],"product_tag":[],"class_list":{"0":"post-21427","1":"product","2":"type-product","3":"status-publish","4":"has-post-thumbnail","6":"product_cat-armes-sur-demande","7":"product_cat-haches-sur-demande","9":"first","10":"outofstock","11":"taxable","12":"shipping-taxable","13":"purchasable","14":"product-type-simple"},"jetpack_sharing_enabled":true,"_links":{"self":[{"href":"https:\/\/boutique.larpnation.fr\/index.php\/wp-json\/wp\/v2\/product\/21427","targetHints":{"allow":["GET"]}}],"collection":[{"href":"https:\/\/boutique.larpnation.fr\/index.php\/wp-json\/wp\/v2\/product"}],"about":[{"href":"https:\/\/boutique.larpnation.fr\/index.php\/wp-json\/wp\/v2\/types\/product"}],"version-history":[{"count":4,"href":"https:\/\/boutique.larpnation.fr\/index.php\/wp-json\/wp\/v2\/product\/21427\/revisions"}],"predecessor-version":[{"id":27412,"href":"https:\/\/boutique.larpnation.fr\/index.php\/wp-json\/wp\/v2\/product\/21427\/revisions\/27412"}],"wp:featuredmedia":[{"embeddable":true,"href":"https:\/\/boutique.larpnation.fr\/index.php\/wp-json\/wp\/v2\/media\/1979"}],"wp:attachment":[{"href":"https:\/\/boutique.larpnation.fr\/index.php\/wp-json\/wp\/v2\/media?parent=21427"}],"wp:term":[{"taxonomy":"product_brand","embeddable":true,"href":"https:\/\/boutique.larpnation.fr\/index.php\/wp-json\/wp\/v2\/product_brand?post=21427"},{"taxonomy":"product_cat","embeddable":true,"href":"https:\/\/boutique.larpnation.fr\/index.php\/wp-json\/wp\/v2\/product_cat?post=21427"},{"taxonomy":"product_tag","embeddable":true,"href":"https:\/\/boutique.larpnation.fr\/index.php\/wp-json\/wp\/v2\/product_tag?post=21427"}],"curies":[{"name":"wp","href":"https:\/\/api.w.org\/{rel}","templated":true}]}}