{"id":25871,"date":"2023-12-20T19:47:12","date_gmt":"2023-12-20T18:47:12","guid":{"rendered":"https:\/\/boutique.larpnation.fr\/?post_type=product&#038;p=25871"},"modified":"2024-05-15T12:58:28","modified_gmt":"2024-05-15T10:58:28","slug":"couteau-de-lancer-pegasus","status":"publish","type":"product","link":"https:\/\/boutique.larpnation.fr\/index.php\/produit\/couteau-de-lancer-pegasus\/","title":{"rendered":"Couteau de lancer Pegasus"},"content":{"rendered":"<p>Le couteau de lancer Pegasus repr\u00e9sente une t\u00eate de cheval d\u00e9taill\u00e9e sur le manche, ressemblant au cheval volant Pegasus ou \u00e9voquant les puissants destriers des nobles seigneurs cavaliers du Rohan de la Terre du Milieu. \u00c9voquez la grandeur du mythique destrier ail\u00e9 et la vaillance des Rohirrim en maniant cette arme ! Cette mini-dague sans \u00e2me convient aux combats LARP. Elle est fabriqu\u00e9e en mousse de PU tr\u00e8s souple, ce qui garantit la s\u00e9curit\u00e9 et une bonne r\u00e9sistance \u00e0 la d\u00e9chirure. Sa flexibilit\u00e9 rend cette arme tr\u00e8s polyvalente, mais elle peut poser des probl\u00e8mes de contr\u00f4le du lancer.<\/p>\n","protected":false},"excerpt":{"rendered":"<p>Le couteau de lancer Pegasus repr\u00e9sente une t\u00eate de cheval d\u00e9taill\u00e9e sur le manche, ressemblant au cheval volant Pegasus ou \u00e9voquant les puissants destriers des nobles seigneurs cavaliers du Rohan de la Terre du Milieu.&hellip;<\/p>\n","protected":false},"featured_media":25875,"template":"","meta":[],"product_brand":[],"product_cat":[520,517],"product_tag":[],"class_list":{"0":"post-25871","1":"product","2":"type-product","3":"status-publish","4":"has-post-thumbnail","6":"product_cat-armes-de-jet-sur-demande","7":"product_cat-armes-sur-demande","9":"first","10":"outofstock","11":"taxable","12":"shipping-taxable","13":"purchasable","14":"product-type-simple"},"jetpack_sharing_enabled":true,"_links":{"self":[{"href":"https:\/\/boutique.larpnation.fr\/index.php\/wp-json\/wp\/v2\/product\/25871","targetHints":{"allow":["GET"]}}],"collection":[{"href":"https:\/\/boutique.larpnation.fr\/index.php\/wp-json\/wp\/v2\/product"}],"about":[{"href":"https:\/\/boutique.larpnation.fr\/index.php\/wp-json\/wp\/v2\/types\/product"}],"version-history":[{"count":1,"href":"https:\/\/boutique.larpnation.fr\/index.php\/wp-json\/wp\/v2\/product\/25871\/revisions"}],"predecessor-version":[{"id":25876,"href":"https:\/\/boutique.larpnation.fr\/index.php\/wp-json\/wp\/v2\/product\/25871\/revisions\/25876"}],"wp:featuredmedia":[{"embeddable":true,"href":"https:\/\/boutique.larpnation.fr\/index.php\/wp-json\/wp\/v2\/media\/25875"}],"wp:attachment":[{"href":"https:\/\/boutique.larpnation.fr\/index.php\/wp-json\/wp\/v2\/media?parent=25871"}],"wp:term":[{"taxonomy":"product_brand","embeddable":true,"href":"https:\/\/boutique.larpnation.fr\/index.php\/wp-json\/wp\/v2\/product_brand?post=25871"},{"taxonomy":"product_cat","embeddable":true,"href":"https:\/\/boutique.larpnation.fr\/index.php\/wp-json\/wp\/v2\/product_cat?post=25871"},{"taxonomy":"product_tag","embeddable":true,"href":"https:\/\/boutique.larpnation.fr\/index.php\/wp-json\/wp\/v2\/product_tag?post=25871"}],"curies":[{"name":"wp","href":"https:\/\/api.w.org\/{rel}","templated":true}]}}