{"id":27059,"date":"2024-03-29T17:57:37","date_gmt":"2024-03-29T16:57:37","guid":{"rendered":"https:\/\/boutique.larpnation.fr\/?post_type=product&#038;p=27059"},"modified":"2024-05-15T13:54:57","modified_gmt":"2024-05-15T11:54:57","slug":"spalieres-du-ranger-suedees","status":"publish","type":"product","link":"https:\/\/boutique.larpnation.fr\/index.php\/produit\/spalieres-du-ranger-suedees\/","title":{"rendered":"Spali\u00e8res du Ranger Su\u00e9d\u00e9es"},"content":{"rendered":"<p>Les spali\u00e8res du Ranger (Su\u00e9d\u00e9es) d&rsquo;Epic Armory offrent une protection d&rsquo;\u00e9paule \u00e9l\u00e9gante gr\u00e2ce \u00e0 une combinaison de pi\u00e8ces de cuir unies et tiss\u00e9es en diagonale. Ce mod\u00e8le est fabriqu\u00e9 en cuir su\u00e9d\u00e9 pour un toucher plus doux et un aspect robuste. Un cordon r\u00e9glable relie les pi\u00e8ces d&rsquo;\u00e9paule \u00e0 plusieurs cordes utilis\u00e9es pour attacher l&rsquo;armure d&rsquo;\u00e9paule \u00e0 l&rsquo;armure de torse. Les pi\u00e8ces sont con\u00e7ues pour s&rsquo;associer parfaitement \u00e0 l&rsquo;ensemble complet d&rsquo;armure du Ranger (Su\u00e9d\u00e9), mais elles peuvent \u00e9galement \u00eatre combin\u00e9es avec d&rsquo;autres types d&rsquo;armures de torse.<\/p>\n","protected":false},"excerpt":{"rendered":"<p>Les spali\u00e8res du Ranger (Su\u00e9d\u00e9es) d&rsquo;Epic Armory offrent une protection d&rsquo;\u00e9paule \u00e9l\u00e9gante gr\u00e2ce \u00e0 une combinaison de pi\u00e8ces de cuir unies et tiss\u00e9es en diagonale. Ce mod\u00e8le est fabriqu\u00e9 en cuir su\u00e9d\u00e9 pour un toucher&hellip;<\/p>\n","protected":false},"featured_media":27081,"template":"","meta":[],"product_brand":[],"product_cat":[528,532],"product_tag":[],"class_list":{"0":"post-27059","1":"product","2":"type-product","3":"status-publish","4":"has-post-thumbnail","6":"product_cat-armures-sur-demande","7":"product_cat-cou-et-epaule-sur-demande","9":"first","10":"outofstock","11":"taxable","12":"shipping-taxable","13":"purchasable","14":"product-type-variable"},"jetpack_sharing_enabled":true,"_links":{"self":[{"href":"https:\/\/boutique.larpnation.fr\/index.php\/wp-json\/wp\/v2\/product\/27059","targetHints":{"allow":["GET"]}}],"collection":[{"href":"https:\/\/boutique.larpnation.fr\/index.php\/wp-json\/wp\/v2\/product"}],"about":[{"href":"https:\/\/boutique.larpnation.fr\/index.php\/wp-json\/wp\/v2\/types\/product"}],"version-history":[{"count":3,"href":"https:\/\/boutique.larpnation.fr\/index.php\/wp-json\/wp\/v2\/product\/27059\/revisions"}],"predecessor-version":[{"id":27442,"href":"https:\/\/boutique.larpnation.fr\/index.php\/wp-json\/wp\/v2\/product\/27059\/revisions\/27442"}],"wp:featuredmedia":[{"embeddable":true,"href":"https:\/\/boutique.larpnation.fr\/index.php\/wp-json\/wp\/v2\/media\/27081"}],"wp:attachment":[{"href":"https:\/\/boutique.larpnation.fr\/index.php\/wp-json\/wp\/v2\/media?parent=27059"}],"wp:term":[{"taxonomy":"product_brand","embeddable":true,"href":"https:\/\/boutique.larpnation.fr\/index.php\/wp-json\/wp\/v2\/product_brand?post=27059"},{"taxonomy":"product_cat","embeddable":true,"href":"https:\/\/boutique.larpnation.fr\/index.php\/wp-json\/wp\/v2\/product_cat?post=27059"},{"taxonomy":"product_tag","embeddable":true,"href":"https:\/\/boutique.larpnation.fr\/index.php\/wp-json\/wp\/v2\/product_tag?post=27059"}],"curies":[{"name":"wp","href":"https:\/\/api.w.org\/{rel}","templated":true}]}}